{"id":42,"date":"2026-03-07T19:21:17","date_gmt":"2026-03-07T19:21:17","guid":{"rendered":"https:\/\/mieszkaniewpraktyce.pl\/?page_id=42"},"modified":"2026-03-07T19:24:27","modified_gmt":"2026-03-07T19:24:27","slug":"polityka-prywatnosci","status":"publish","type":"page","link":"https:\/\/mieszkaniewpraktyce.pl\/index.php\/polityka-prywatnosci\/","title":{"rendered":"Polityka prywatno\u015bci"},"content":{"rendered":"\n<p>Polityka prywatno\u015bci okre\u015bla zasady przetwarzania danych osobowych u\u017cytkownik\u00f3w odwiedzaj\u0105cych stron\u0119 Mieszkanie w Praktyce.<\/p>\n\n\n\n<p>Strona mo\u017ce korzysta\u0107 z plik\u00f3w cookies w celu:<\/p>\n\n\n\n<ul class=\"wp-block-list\">\n<li>poprawnego dzia\u0142ania serwisu<\/li>\n\n\n\n<li>analizy ruchu na stronie<\/li>\n\n\n\n<li>wy\u015bwietlania tre\u015bci oraz reklam<\/li>\n<\/ul>\n\n\n\n<p>Pliki cookies to niewielkie pliki zapisywane na urz\u0105dzeniu u\u017cytkownika podczas korzystania ze strony internetowej.<\/p>\n\n\n\n<p>U\u017cytkownik mo\u017ce w ka\u017cdej chwili zmieni\u0107 ustawienia dotycz\u0105ce plik\u00f3w cookies w swojej przegl\u0105darce internetowej.<\/p>\n\n\n\n<p>Strona mo\u017ce korzysta\u0107 z us\u0142ug zewn\u0119trznych, takich jak narz\u0119dzia analityczne lub systemy reklamowe, kt\u00f3re r\u00f3wnie\u017c mog\u0105 wykorzystywa\u0107 pliki cookies.<\/p>\n\n\n\n<p>Korzystanie ze strony oznacza akceptacj\u0119 niniejszej polityki prywatno\u015bci.<\/p>\n","protected":false},"excerpt":{"rendered":"<p>Polityka prywatno\u015bci okre\u015bla zasady przetwarzania danych osobowych u\u017cytkownik\u00f3w odwiedzaj\u0105cych stron\u0119 Mieszkanie w Praktyce. Strona mo\u017ce korzysta\u0107 z plik\u00f3w cookies w celu: Pliki cookies to niewielkie pliki zapisywane na urz\u0105dzeniu u\u017cytkownika podczas korzystania ze strony internetowej. U\u017cytkownik mo\u017ce w ka\u017cdej chwili zmieni\u0107 ustawienia dotycz\u0105ce plik\u00f3w cookies w swojej przegl\u0105darce internetowej. Strona mo\u017ce korzysta\u0107 z us\u0142ug zewn\u0119trznych, [&hellip;]<\/p>\n","protected":false},"author":1,"featured_media":0,"parent":0,"menu_order":0,"comment_status":"closed","ping_status":"closed","template":"","meta":{"footnotes":""},"class_list":["post-42","page","type-page","status-publish","hentry"],"blocksy_meta":[],"yoast_head":"<!-- This site is optimized with the Yoast SEO plugin v27.1.1 - https:\/\/yoast.com\/product\/yoast-seo-wordpress\/ -->\n<title>Polityka prywatno\u015bci - mieszkaniewpraktyce.pl<\/title>\n<meta name=\"robots\" content=\"index, follow, max-snippet:-1, max-image-preview:large, max-video-preview:-1\" \/>\n<link rel=\"canonical\" href=\"https:\/\/mieszkaniewpraktyce.pl\/index.php\/polityka-prywatnosci\/\" \/>\n<meta property=\"og:locale\" content=\"pl_PL\" \/>\n<meta property=\"og:type\" content=\"article\" \/>\n<meta property=\"og:title\" content=\"Polityka prywatno\u015bci - mieszkaniewpraktyce.pl\" \/>\n<meta property=\"og:description\" content=\"Polityka prywatno\u015bci okre\u015bla zasady przetwarzania danych osobowych u\u017cytkownik\u00f3w odwiedzaj\u0105cych stron\u0119 Mieszkanie w Praktyce. Strona mo\u017ce korzysta\u0107 z plik\u00f3w cookies w celu: Pliki cookies to niewielkie pliki zapisywane na urz\u0105dzeniu u\u017cytkownika podczas korzystania ze strony internetowej. U\u017cytkownik mo\u017ce w ka\u017cdej chwili zmieni\u0107 ustawienia dotycz\u0105ce plik\u00f3w cookies w swojej przegl\u0105darce internetowej. Strona mo\u017ce korzysta\u0107 z us\u0142ug zewn\u0119trznych, [&hellip;]\" \/>\n<meta property=\"og:url\" content=\"https:\/\/mieszkaniewpraktyce.pl\/index.php\/polityka-prywatnosci\/\" \/>\n<meta property=\"og:site_name\" content=\"mieszkaniewpraktyce.pl\" \/>\n<meta property=\"article:modified_time\" content=\"2026-03-07T19:24:27+00:00\" \/>\n<meta name=\"twitter:card\" content=\"summary_large_image\" \/>\n<meta name=\"twitter:label1\" content=\"Szacowany czas czytania\" \/>\n\t<meta name=\"twitter:data1\" content=\"1 minuta\" \/>\n<script type=\"application\/ld+json\" class=\"yoast-schema-graph\">{\"@context\":\"https:\/\/schema.org\",\"@graph\":[{\"@type\":\"WebPage\",\"@id\":\"https:\/\/mieszkaniewpraktyce.pl\/index.php\/polityka-prywatnosci\/\",\"url\":\"https:\/\/mieszkaniewpraktyce.pl\/index.php\/polityka-prywatnosci\/\",\"name\":\"Polityka prywatno\u015bci - mieszkaniewpraktyce.pl\",\"isPartOf\":{\"@id\":\"http:\/\/mieszkaniewpraktyce.pl\/#website\"},\"datePublished\":\"2026-03-07T19:21:17+00:00\",\"dateModified\":\"2026-03-07T19:24:27+00:00\",\"breadcrumb\":{\"@id\":\"https:\/\/mieszkaniewpraktyce.pl\/index.php\/polityka-prywatnosci\/#breadcrumb\"},\"inLanguage\":\"pl-PL\",\"potentialAction\":[{\"@type\":\"ReadAction\",\"target\":[\"https:\/\/mieszkaniewpraktyce.pl\/index.php\/polityka-prywatnosci\/\"]}]},{\"@type\":\"BreadcrumbList\",\"@id\":\"https:\/\/mieszkaniewpraktyce.pl\/index.php\/polityka-prywatnosci\/#breadcrumb\",\"itemListElement\":[{\"@type\":\"ListItem\",\"position\":1,\"name\":\"Strona g\u0142\u00f3wna\",\"item\":\"http:\/\/mieszkaniewpraktyce.pl\/\"},{\"@type\":\"ListItem\",\"position\":2,\"name\":\"Polityka prywatno\u015bci\"}]},{\"@type\":\"WebSite\",\"@id\":\"http:\/\/mieszkaniewpraktyce.pl\/#website\",\"url\":\"http:\/\/mieszkaniewpraktyce.pl\/\",\"name\":\"mieszkaniewpraktyce.pl\",\"description\":\"\",\"publisher\":{\"@id\":\"http:\/\/mieszkaniewpraktyce.pl\/#\/schema\/person\/1debe21f25a65ed7b83dc4a1afb2a980\"},\"potentialAction\":[{\"@type\":\"SearchAction\",\"target\":{\"@type\":\"EntryPoint\",\"urlTemplate\":\"http:\/\/mieszkaniewpraktyce.pl\/?s={search_term_string}\"},\"query-input\":{\"@type\":\"PropertyValueSpecification\",\"valueRequired\":true,\"valueName\":\"search_term_string\"}}],\"inLanguage\":\"pl-PL\"},{\"@type\":[\"Person\",\"Organization\"],\"@id\":\"http:\/\/mieszkaniewpraktyce.pl\/#\/schema\/person\/1debe21f25a65ed7b83dc4a1afb2a980\",\"name\":\"Marek_Nowicki\",\"image\":{\"@type\":\"ImageObject\",\"inLanguage\":\"pl-PL\",\"@id\":\"http:\/\/mieszkaniewpraktyce.pl\/#\/schema\/person\/image\/\",\"url\":\"https:\/\/mieszkaniewpraktyce.pl\/wp-content\/uploads\/2026\/03\/Marek_Nowicki.png\",\"contentUrl\":\"https:\/\/mieszkaniewpraktyce.pl\/wp-content\/uploads\/2026\/03\/Marek_Nowicki.png\",\"width\":1024,\"height\":1024,\"caption\":\"Marek_Nowicki\"},\"logo\":{\"@id\":\"http:\/\/mieszkaniewpraktyce.pl\/#\/schema\/person\/image\/\"},\"sameAs\":[\"http:\/\/mieszkaniewpraktyce.pl\"]}]}<\/script>\n<!-- \/ Yoast SEO plugin. -->","yoast_head_json":{"title":"Polityka prywatno\u015bci - mieszkaniewpraktyce.pl","robots":{"index":"index","follow":"follow","max-snippet":"max-snippet:-1","max-image-preview":"max-image-preview:large","max-video-preview":"max-video-preview:-1"},"canonical":"https:\/\/mieszkaniewpraktyce.pl\/index.php\/polityka-prywatnosci\/","og_locale":"pl_PL","og_type":"article","og_title":"Polityka prywatno\u015bci - mieszkaniewpraktyce.pl","og_description":"Polityka prywatno\u015bci okre\u015bla zasady przetwarzania danych osobowych u\u017cytkownik\u00f3w odwiedzaj\u0105cych stron\u0119 Mieszkanie w Praktyce. Strona mo\u017ce korzysta\u0107 z plik\u00f3w cookies w celu: Pliki cookies to niewielkie pliki zapisywane na urz\u0105dzeniu u\u017cytkownika podczas korzystania ze strony internetowej. U\u017cytkownik mo\u017ce w ka\u017cdej chwili zmieni\u0107 ustawienia dotycz\u0105ce plik\u00f3w cookies w swojej przegl\u0105darce internetowej. Strona mo\u017ce korzysta\u0107 z us\u0142ug zewn\u0119trznych, [&hellip;]","og_url":"https:\/\/mieszkaniewpraktyce.pl\/index.php\/polityka-prywatnosci\/","og_site_name":"mieszkaniewpraktyce.pl","article_modified_time":"2026-03-07T19:24:27+00:00","twitter_card":"summary_large_image","twitter_misc":{"Szacowany czas czytania":"1 minuta"},"schema":{"@context":"https:\/\/schema.org","@graph":[{"@type":"WebPage","@id":"https:\/\/mieszkaniewpraktyce.pl\/index.php\/polityka-prywatnosci\/","url":"https:\/\/mieszkaniewpraktyce.pl\/index.php\/polityka-prywatnosci\/","name":"Polityka prywatno\u015bci - mieszkaniewpraktyce.pl","isPartOf":{"@id":"http:\/\/mieszkaniewpraktyce.pl\/#website"},"datePublished":"2026-03-07T19:21:17+00:00","dateModified":"2026-03-07T19:24:27+00:00","breadcrumb":{"@id":"https:\/\/mieszkaniewpraktyce.pl\/index.php\/polityka-prywatnosci\/#breadcrumb"},"inLanguage":"pl-PL","potentialAction":[{"@type":"ReadAction","target":["https:\/\/mieszkaniewpraktyce.pl\/index.php\/polityka-prywatnosci\/"]}]},{"@type":"BreadcrumbList","@id":"https:\/\/mieszkaniewpraktyce.pl\/index.php\/polityka-prywatnosci\/#breadcrumb","itemListElement":[{"@type":"ListItem","position":1,"name":"Strona g\u0142\u00f3wna","item":"http:\/\/mieszkaniewpraktyce.pl\/"},{"@type":"ListItem","position":2,"name":"Polityka prywatno\u015bci"}]},{"@type":"WebSite","@id":"http:\/\/mieszkaniewpraktyce.pl\/#website","url":"http:\/\/mieszkaniewpraktyce.pl\/","name":"mieszkaniewpraktyce.pl","description":"","publisher":{"@id":"http:\/\/mieszkaniewpraktyce.pl\/#\/schema\/person\/1debe21f25a65ed7b83dc4a1afb2a980"},"potentialAction":[{"@type":"SearchAction","target":{"@type":"EntryPoint","urlTemplate":"http:\/\/mieszkaniewpraktyce.pl\/?s={search_term_string}"},"query-input":{"@type":"PropertyValueSpecification","valueRequired":true,"valueName":"search_term_string"}}],"inLanguage":"pl-PL"},{"@type":["Person","Organization"],"@id":"http:\/\/mieszkaniewpraktyce.pl\/#\/schema\/person\/1debe21f25a65ed7b83dc4a1afb2a980","name":"Marek_Nowicki","image":{"@type":"ImageObject","inLanguage":"pl-PL","@id":"http:\/\/mieszkaniewpraktyce.pl\/#\/schema\/person\/image\/","url":"https:\/\/mieszkaniewpraktyce.pl\/wp-content\/uploads\/2026\/03\/Marek_Nowicki.png","contentUrl":"https:\/\/mieszkaniewpraktyce.pl\/wp-content\/uploads\/2026\/03\/Marek_Nowicki.png","width":1024,"height":1024,"caption":"Marek_Nowicki"},"logo":{"@id":"http:\/\/mieszkaniewpraktyce.pl\/#\/schema\/person\/image\/"},"sameAs":["http:\/\/mieszkaniewpraktyce.pl"]}]}},"_links":{"self":[{"href":"https:\/\/mieszkaniewpraktyce.pl\/index.php\/wp-json\/wp\/v2\/pages\/42","targetHints":{"allow":["GET"]}}],"collection":[{"href":"https:\/\/mieszkaniewpraktyce.pl\/index.php\/wp-json\/wp\/v2\/pages"}],"about":[{"href":"https:\/\/mieszkaniewpraktyce.pl\/index.php\/wp-json\/wp\/v2\/types\/page"}],"author":[{"embeddable":true,"href":"https:\/\/mieszkaniewpraktyce.pl\/index.php\/wp-json\/wp\/v2\/users\/1"}],"replies":[{"embeddable":true,"href":"https:\/\/mieszkaniewpraktyce.pl\/index.php\/wp-json\/wp\/v2\/comments?post=42"}],"version-history":[{"count":2,"href":"https:\/\/mieszkaniewpraktyce.pl\/index.php\/wp-json\/wp\/v2\/pages\/42\/revisions"}],"predecessor-version":[{"id":48,"href":"https:\/\/mieszkaniewpraktyce.pl\/index.php\/wp-json\/wp\/v2\/pages\/42\/revisions\/48"}],"wp:attachment":[{"href":"https:\/\/mieszkaniewpraktyce.pl\/index.php\/wp-json\/wp\/v2\/media?parent=42"}],"curies":[{"name":"wp","href":"https:\/\/api.w.org\/{rel}","templated":true}]}}